 Calculate the highest common divisor of o and f.
8
Suppose 29*o = -1507 + 6959. Calculate the highest common divisor of o and 16.
4
Suppose -3*p - 4*p = -252. Suppose 664*d - 683*d + 6498 = 0. What is the greatest common divisor of p and d?
18
Suppose 0 = -5*d + 3*h + 138, 14 = d - 2*h - 2*h. Calculate the highest common divisor of 920 and d.
10
Suppose 54*b = 50*b + 120. Calculate the highest common factor of b and 590.
10
Suppose -5*o - 33 = -q, 0 = 5*q - 19*o - 195 + 18. What is the greatest common divisor of q and 28509?
43
Let a(t) = 2*t**3 + 26*t**2 + 20*t + 10. Let k be a(-12). What is the highest common factor of 4118 and k?
58
Suppose -2*r - 5*w = -r - 3, w - 12 = -4*r. Suppose 1027 = 4*b + z, -z + r = -0*z. What is the greatest common divisor of 4 and b?
4
Let i be (-7)/(-7)*216*1/2. Let v = i - 106. Suppose 4*s + 14 = 5*f - 105, -49 = -v*f + 3*s. Calculate the highest common divisor of f and 23.
23
Let j = 3499 + -3394. Calculate the highest common factor of j and 280.
35
Let w = 31255 - 31233. Let d(h) = 51*h**2 + 6*h. Let a be d(-4). Suppose -a = -4*z - 0*z. Calculate the highest common factor of z and w.
22
Suppose 7249 = 91*i - 15683. Calculate the highest common factor of i and 63.
63
Let l = 133 + -122. Suppose -3*b + 218 - 53 = 0. Calculate the highest common factor of l and b.
11
Let v(o) = o**2 - 7*o - 4. Let r be v(6). Let a = -2 - r. Let c be (52/(-91))/(4/(-28)*2). What is the highest common factor of c and a?
2
Let q(h) be the third derivative of h**6/120 - 3*h**5/20 + 3*h**4/8 + 7*h**3 + 44*h**2. Let s be q(7). Calculate the highest common factor of 21 and s.
7
Let o be -152*8/(-96)*6. What is the greatest common factor of 2204 and o?
76
Let w be (-675)/270*648/(-10). What is the greatest common divisor of 1782 and w?
162
Let h = -12 + 20. Suppose 2*u - 10*v = -11*v + 25, -50 = -3*u - 4*v. Suppose 14*r + u*r = 24. What is the greatest common factor of r and h?
1
Suppose -3*d + 3*w = -63690, 0 = 2*d - w - 19583 - 22872. Calculate the greatest common factor of 25 and d.
25
Suppose 50 = -3*j - 28. Let v = 29 + j. Suppose -v*a + 3*o + 30 = 0, 3*o - 5*o = 3*a - 20. Calculate the greatest common factor of a and 32.
8
Let j be -5 - (-5913)/72 - (-3)/(-24). What is the highest common divisor of 385 and j?
77
Suppose -8*p - 292 = -2380. What is the highest common divisor of 315 and p?
9
Suppose 438*i - 12089414 - 4041304 = 72*i. Calculate the greatest common divisor of i and 83.
83
Suppose -24 = -v - 102*s + 99*s, 0 = 5*v - 2*s - 256. What is the highest common factor of 88 and v?
8
Let p be (2 + -2)*(-8)/(-16). Suppose -5*r = p, 2*y = -2*y + 4*r + 52. What is the greatest common divisor of y and 65?
13
Suppose 22*f - 6479 - 8767 = 0. Let a = f - 624. Calculate the greatest common factor of a and 9.
3
Let a be ((-14)/(-4) + -1)/((-1)/(-2)). Let p(d) = -a*d - 25 + 345*d**2 - 3*d - 335*d**2. Let q be p(6). Calculate the greatest common factor of q and 41.
41
Let u = -86 - 65. Let o = 191 + u. What is the highest common divisor of 16 and o?
8
Let n(q) = -q**3 - 13*q**2 - 25*q - 29. Let g be n(-11). Calculate the highest common factor of g and 179.
1
Suppose 0 = -s - 446 + 263. Let d = -166 - s. What is the highest common factor of 1 and d?
1
Suppose 0 = -35*r + 29*r - 76*r + 2952. Suppose 0 = -5*g, -5*g + 4*g + 180 = 2*k. Calculate the highest common divisor of k and r.
18
Let p = 44 + -50. Let a be -23*(50/15)/(4/p). Calculate the highest common factor of 23 and a.
23
Suppose 3*c = o + 7, -2*c + 3*o - 4 = 3. Let u be (c/10)/((-8)/(-2160)). What is the highest common divisor of u and 120?
12
Let n be (16/88)/(-5 + 110280/22055). What is the greatest common factor of n and 2?
2
Let c = -14 + 42. Let t(o) = o**2 + 4*o - 24. Let k be t(-7). Let d = k + 10. Calculate the greatest common divisor of c and d.
7
Let g(w) = -w**2 + 11*w**2 + 5*w + 18 - 5*w**2. Let k be g(-6). What is the highest common divisor of 21 and k?
21
Let x = -19 + 36. Suppose -4*p - 29*p + 12903 = 0. What is the greatest common divisor of p and x?
17
Let y = -127 + 218. Let s = y - 88. Let t be (1 - 0)*s - (-6 + -31). Calculate the greatest common divisor of t and 100.
20
Let m(w) = 19*w - 3. Let t be m(1). Let s(u) = u + 8. Let x be s(t). Calculate the greatest common divisor of x and 312.
24
Let r = -613 - -659. Suppose -3*b = -3*d + 963, -4*d - d - 2*b = -1612. Calculate the greatest common divisor of r and d.
46
Let p = -250 + 254. Let r be -6*(13/52 + (-5)/p). What is the highest common divisor of r and 63?
3
Let b be 31/(310/20)*((-59)/(-1) - 1). What is the highest common divisor of 174 and b?
58
Let d(x) = -129*x + 6497. Let a be d(49). What is the greatest common factor of 319 and a?
11
Suppose -3*r + 12 = -q, -5*q - 1590*r = -1589*r - 20. Calculate the greatest common divisor of 4131 and q.
3
Let o be 5 + (-1 - (-124)/(-1)). Let y = o + 185. What is the greatest common factor of y and 5?
5
Suppose -2210345 = -70*o - 327765. Calculate the highest common divisor of 238 and o.
238
Suppose 4*b + 5*q = 1132, -280 = -b - 0*q - 2*q. What is the highest common divisor of 468 and b?
36
Let x be 8 - (576/224)/((-6)/28). What is the highest common divisor of 220 and x?
20
Suppose 0 = 5*q - 10*q + 2*m + 96, 0 = -2*q - 3*m + 27. Suppose -2961 = -q*w + 11*w. Calculate the greatest common factor of 47 and w.
47
Suppose -13888 = -27*b - 10810. Calculate the highest common factor of 75 and b.
3
Let s = 136 - 56. Let f = 36 - 36. Suppose 4*k + 229 = 2*x + 9, -4*k + 20 = f. Calculate the greatest common factor of s and x.
40
Suppose 239 - 221 = 4*m - 3*m. What is the highest common factor of m and 2187?
9
Suppose -99 = 4*r - 5*r + 5*l, -4*l - 168 = -2*r. Let v be (-17)/((-85)/30) + r. What is the greatest common divisor of v and 128?
16
Let z(l) = -94*l + 10. Let o be z(-2). Suppose 6*v = 9*v - o. Suppose 5*d - 78 - 87 = 0. What is the highest common divisor of d and v?
33
Let x = 50 - -170. Let m(z) = z**2 + 340*z - 21705. Let f be m(55). What is the greatest common factor of f and x?
20
Suppose -562 = 36*r + 698. Let g be (r/20)/(4/(-304)). What is the greatest common factor of 76 and g?
19
Let l(a) = 10*a + 1192. Let g be l(36). Calculate the greatest common divisor of 432 and g.
16
Suppose 0*x + x = -56. Let h be ((-16)/x)/((-2)/(-14)). Suppose 2*d + 4 = 0, -731 = -7*p + h*p + 3*d. Calculate the greatest common divisor of p and 29.
29
Suppose -4 = -4*m + 4. Suppose -4*k - m*a = -344, -5*k + 630 = -3*a + 222. Let s be (7 - -1)*k/56. Calculate the highest common factor of 12 and s.
12
Let z(g) = 4*g**2 + 7*g - 227. Let x be z(-11). Calculate the highest common divisor of 1356 and x.
12
Let s be (-17888)/80 + (-4)/10. Let k be (-192)/s*(-203)/(-2). What is the greatest common factor of k and 1392?
87
Suppose 82*n - 22770 = -5632. What is the greatest common factor of n and 1501?
19
Let j = 118 + -116. Suppose -8 = -2*o + 3*a, 0*a - j*a + 20 = 5*o. Let d be (20 - 2)*(-2)/(-6). What is the highest common factor of d and o?
2
Let y be 1/6*6 - (-6269 - 10). What is the greatest common divisor of y and 16?
8
Suppose -49*q + 10*q = -2106. Suppose 0 = c - 38*c + 666. Calculate the highest common divisor of c and q.
18
Let c be (-2)/(-8) - (-405)/(-36). Let q = c - -11. Suppose -15 = 3*d, -2*p + q*p + 52 = -4*d. Calculate the highest common factor of p and 2.
2
Let w(p) = -12*p**3 - p**2 - 15*p - 47. Let b be w(-4). Calculate the greatest common factor of 459 and b.
153
Let i = -2161 + 2216. Calculate the highest common divisor of 8305 and i.
55
Let l = -199 - -239. Suppose 15*s = 20*s - l. Calculate the greatest common factor of 16 and s.
8
Let h be 2 + -3 + 3 + 8. Suppose 6*a = -226 + 34. Let n = 82 + a. What is the greatest common factor of n and h?
10
Let o(k) = 29*k**3 + 14*k**2 - 46*k + 32. Let r be o(6). What is the greatest common divisor of r and 56?
28
Let m be (-55)/(-11) + -2 + -3. Suppose m = -2*h - 4*v, -h - 4 = -3*h - 3*v. Suppose 0*j - j + 48 = 0. What is the highest common divisor of j and h?
8
Let t be (1616/6)/(8/12). Let n = 282 - t. Let r = -114 - n. Calculate the highest common divisor of 1 and r.
1
Let z be (-40)/15 + (-646)/57. Let l be 47/(-329) - 16/z. Let g(o) = -4*o - 1. Let d be g(-5). What is the greatest common divisor of d and l?
1
Let d(t) =